2. List the prime factors of z(5).
2, 7, 17
Suppose 0 = 5*k - 3*y - 32, -5*k + 13 = 2*y + 1. Suppose k*t = t. Suppose t = 10*b - 19*b + 261. What are the prime factors of b?
29
Suppose -5*t + 14 = 2*d, 5*t - 24 + 4 = -5*d. Suppose -4*h + t*m = 92, -3*h - 13 = -2*m + 57. Let u = h - -214. What are the prime factors of u?
2, 3
Let d(k) be the third derivative of -k**6/120 + 2*k**5/15 + 5*k**3/3 + 4*k**2. Let j be d(7). Let x = j - 31. What are the prime factors of x?
2, 7
Suppose r + 3*r - 77 = -5*n, -4*n - r = -66. Suppose 0 = -n*f + 13*f + 1256. Suppose 8*y = f + 558. List the prime factors of y.
109
Suppose -1 = 2*s - 9. Suppose 0 = s*i, 4*g - 2*i = 2*g + 114. Suppose -330 = -3*m + g. List the prime factors of m.
3, 43
Let c = -3517 - -7482. Suppose 1261*l = 1256*l + c. What are the prime factors of l?
13, 61
Suppose j + 4*u = 6825, 34125 = 5*j + 10*u - 13*u. List the prime factors of j.
3, 5, 7, 13
Let q(b) = -268*b + 479. List the prime factors of q(-82).
3, 5, 499
Suppose 17*r - 21*r = -104. Let m = -23 + r. Suppose -m*g = -3*a - 4*g + 317, 3*a - 321 = 3*g. What are the prime factors of a?
2, 53
Suppose 5503 = 36*d - 119489. What are the prime factors of d?
2, 7, 31
Suppose -25*j - 173692 = -633785 - 203757. List the prime factors of j.
2, 11, 17, 71
Suppose -5*f = -10*f - 20. Let n(j) = 3*j + 17. Let p be n(f). What are the prime factors of 576/40 - (-3)/p?
3, 5
Suppose -8*a - l = -11*a + 1421, 0 = -3*a + 4*l + 1409. What are the prime factors of 8 + -10 + 4 - (-4 - a)?
13, 37
Let r be (-20)/130 - 636/(-78). Let p(v) = 2 - 2 + 12*v. What are the prime factors of p(r)?
2, 3
Let v(y) = y**2 + 7*y + 14. Let c be v(-3). Suppose c*b - 10*k - 3417 = -7*k, 2*k = 3*b - 5133. What are the prime factors of b?
3, 571
Let n be (60/(-9))/((-1)/(-12)). Suppose 5*z - 2*u = -314, 2*z - 37*u + 39*u = -120. Let p = z - n. List the prime factors of p.
2, 3
Let r = 3327 - -26844. What are the prime factors of r?
3, 89, 113
Let z(i) = -i**3 - 3*i - 2. Let l = 70 - 71. Let r be z(l). What are the prime factors of (r - (-299 + -5))/2?
3, 17
Let n(c) = 40*c - 11. Suppose 54 = -3*u + 4*w, -7 - 11 = u - 3*w. Let l be 7/(21/u)*(-4)/6. What are the prime factors of n(l)?
149
What are the prime factors of ((-30128)/88)/(2/(-22))?
2, 7, 269
Let n(r) = 34*r - 4. Let x be n(1). Let t = x - -73. Suppose 905 + t = 4*w. What are the prime factors of w?
2, 3, 7
What are the prime factors of (19 - (-17)/(-1)) + 26994 + 2?
2, 13499
Let t be 6/63*9*-42. Let d be 104 + t - 1/((-1)/3). Let h = -58 + d. List the prime factors of h.
13
Let a = 98 - 95. Suppose -a*c + 87 = -210. List the prime factors of c.
3, 11
Let s = 11 + -11. Let v be s/(-2) + -4 + 2 + -119. Let w = v - -238. List the prime factors of w.
3, 13
Let r(w) = 3*w**2 - 5*w + 135 - 2*w**2 + 6*w. Let m = 851 + -851. List the prime factors of r(m).
3, 5
Let n be 40/(-220) + 20/(-11) - -5. Suppose 3*i - 966 = -n*q, -176 = -2*q + 3*i + 443. What are the prime factors of q?
317
Let j be 168/5 - (165/25 - 7). Let b(t) = -t**2 + 11*t - 18. Let o be b(12). Let u = o + j. List the prime factors of u.
2
Suppose -4*d + 5*n + 77509 = 0, -13*n + 96893 = 5*d - 17*n. What are the prime factors of d?
19381
Let h(r) = -r**2 + 11*r - 5. Let n be h(11). Let s(a) = -3*a**2 - 5*a. Let l be s(n). What are the prime factors of (l/75)/(-1*2/30)?
2, 5
What are the prime factors of (-55)/(-5) + -11 + 27325?
5, 1093
Suppose 4*f = w - 4 - 5, w + f - 4 = 0. Let b(g) = 5*g**2 + 13*g**2 + g + 0*g + w*g**2. List the prime factors of b(-2).
2, 3, 5
Let g(m) = 126*m**2 - 141*m - 52. List the prime factors of g(19).
5, 17, 503
Suppose -2*m - 103688 = -4*i + 2700, 2*m - 106372 = -4*i. List the prime factors of i.
3, 5, 197
Suppose -c + x - 7 = 0, 4 = -3*c - 2*x - 7. Let h be (10/(-7))/(c/70). List the prime factors of 1581/15 - 8/h.
3, 5, 7
Let r(p) = -354*p + 9. Let q be r(1). Let v = 390 + q. What are the prime factors of v?
3, 5
Suppose 305*c + 4*i - 126982 = 303*c, i - 2 = 0. List the prime factors of c.
63487
Let m(f) = -2*f - 2. Let h be m(-5). Suppose 5*l + 96 = h*l. Let c = l - 14. What are the prime factors of c?
2, 3
Suppose 10 = -5*u + 2*j, u + 2 = j - 3. Let p(b) = -6*b + 26. List the prime factors of p(u).
2, 13
Let s(o) = 31*o + 124. Let i be s(-4). Suppose 4*z = -i*a + 2*a - 156, z + 5 = 0. List the prime factors of a.
2, 17
Let k be (-2 - 3)*(-28)/(-35). List the prime factors of 1/k - 197/(-4).
7
Suppose -5*l + 93482 = -11*h + 7*h, 0 = -3*h - 9. What are the prime factors of l?
2, 13, 719
Suppose 1646 = -m + 381. Let k = -442 - m. What are the prime factors of k?
823
Let i be ((-2)/(-6))/((-2)/(-12)). Let k be (-38 - -22)/((-4)/24). List the prime factors of (13/(-26))/(i*(-1)/k).
2, 3
Suppose -5*w + 310 = 5*v, 3*v + 6*w - w = 192. Suppose -b - 3 + 8 = 0. Suppose 5*t - 580 = -b*r, -4*r - 296 - v = -3*t. What are the prime factors of t?
3, 13
Let r = 109 + -95. Suppose 5*q - 36 = r. Suppose q*y = 4*y + 1116. What are the prime factors of y?
2, 3, 31
Suppose 15*u + 3*u + 33*u - 1530459 = 0. What are the prime factors of u?
3, 7, 1429
Let l(u) = 9 - 14*u + 18 + 5 + u**2 - 8. Let r be l(12). Let i(v) = -4*v + 198. List the prime factors of i(r).
2, 3, 11
Suppose -3*u = 4*f - 403, -598 = -5*f - 5*u - 88. Let t = 99 - f. Suppose 6*q - 2*q - 826 = -2*s, 0 = -t*q + 2*s + 422. What are the prime factors of q?
2, 13
Let v = -24 - -28. Let h be (-10)/20 + (-2)/v + 4. Suppose -7*f - 4*t + 575 = -2*f, 2*f - 223 = -h*t. What are the prime factors of f?
7, 17
Suppose 2*g - 29997 = -1666 - 493. List the prime factors of g.
31, 449
Suppose -5*y = z - 3*z - 39341, -y = z - 7871. List the prime factors of y.
3, 43, 61
Suppose -776 = -3*y + 7594. Suppose 10*g - y = 4*g. List the prime factors of g.
3, 5, 31
Let s(a) = -a**3 + 8*a**2 - 6*a - 23. Let u be s(6). List the prime factors of (u/13)/((-1)/(-305)).
5, 61
Let g = -25189 + 36415. List the prime factors of g.
2, 3, 1871
Suppose 0 = 3*c + g - 6825, -381*c = -380*c - 3*g - 2275. What are the prime factors of c?
5, 7, 13
Suppose 0 = 5*r + 5*b - 55, -b + 27 = 4*r - r. Let g = r - -151. What are the prime factors of g?
3, 53
Let r = 134 - 91. Suppose 52*q - r*q - 135 = 0. List the prime factors of q.
3, 5
Suppose a + 5*y = 1531, 32*a = 31*a - 4*y + 1529. Suppose 0 = 8*v - a - 2375. List the prime factors of v.
487
Let w(r) = 11*r**3 - 35*r**2 + 81*r + 11. What are the prime factors of w(8)?
4051
Suppose 3*x = -4*x + 35. Let a be (4 - (-4 + 2)) + 0. List the prime factors of (x + 41/2)/(a/8).
2, 17
Suppose 3*r + 0*r = -5*b + 513, 200 = 2*b - 4*r. Suppose -b = -3*z - 15. Let a = z - 21. List the prime factors of a.
2
Suppose -2*t - 2*y + 0*y = -14, 4*t + 2*y = 28. Suppose 5*x = -22 + t, 0 = h + x - 61. Suppose 9*m - 161 - h = 0. List the prime factors of m.
5
Let n = 477 + -472. Suppose 175 = m + n*s, -7*m + 3*m + s + 721 = 0. List the prime factors of m.
2, 3, 5
Let i = 34 + 633. Let c = i + 127. What are the prime factors of c?
2, 397
Suppose -3*f + f = -3*w - 38, -2*w = -2*f + 42. Let m(g) = -g**2 + 38*g + 2. List the prime factors of m(f).
3, 109
Suppose 1057 = -3*a + 4*i + 5206, 3*a + i = 4134. Let h = a + -733. What are the prime factors of h?
2, 17, 19
Suppose 3*x + 18 = 96. Let n = x - 4. List the prime factors of n.
2, 11
Let u(t) = t**3 - 4*t**2 - 6*t + 9. Let z be u(4). Let i(x) = x**3 + 12*x**2 - 48*x + 5. What are the prime factors of i(z)?
2, 5
Suppose -2*d + 2*b = -2*b - 42, 0 = -4*d + 3*b + 84. Suppose 0 = -i - 0*i - 4*v - 24, -5*v - d = -i. Let o(p) = -29*p + 13. What are the prime factors of o(i)?
3, 43
Let x(t) = -t**3 + 9*t**2 + 23*t + 4. Let f be x(10). Let h = 624 + f. List the prime factors of h.
2, 379
Let k = -61 + 191. Suppose 125*y = k*y - 75. List the prime factors of 6/(36/y)*(-344)/(-10).
2, 43
Let i = -38 - -41. Let t be (72 - -3)/i + -1. What are the prime factors of (t/(-10))/3*(-1410)/12?
2, 47
List the prime factors of 22526 - 120/(2 + 8).
2, 11257
Let b(n) = 2*n + 9. Let f(p) = p**2 - 5*p - 17. Let v(l) = 5*b(l) + 3*f(l). Let s be 5/(-1 + 6) + 0 + 2. What are the prime factors of v(s)?
2, 3
Let m be ((-5)/(-1) - 2) + -1. Let y be 6/(-3) + 12 - 2. Suppose -2*s = 5*j - 213, y = m*s - 0. List the prime factors of j.
41
Suppose -609 = 7*f - 105. Let h be (-24)/(-156) + f